[INFO] cloning repository https://github.com/barnex/astrosim
[INFO] running `Command { std: "git" "-c" "credential.helper=" "-c" "credential.helper=/workspace/cargo-home/bin/git-credential-null" "clone" "--bare" "https://github.com/barnex/astrosim" "/workspace/cache/git-repos/https%3A%2F%2Fgithub.com%2Fbarnex%2Fastrosim", kill_on_drop: false }`
[INFO] [stderr] Cloning into bare repository '/workspace/cache/git-repos/https%3A%2F%2Fgithub.com%2Fbarnex%2Fastrosim'...
[INFO] running `Command { std: "git" "rev-parse" "HEAD", kill_on_drop: false }`
[INFO] [stdout] 66d74beeb905dd05f3317d3f782788cb2ea60efd
[INFO] checking barnex/astrosim against master#e6e4f7ed1589e03bc2f6c5931c1a72e7947e8682 for beta-170-4
[INFO] running `Command { std: "git" "clone" "/workspace/cache/git-repos/https%3A%2F%2Fgithub.com%2Fbarnex%2Fastrosim" "/workspace/builds/worker-4-tc2/source", kill_on_drop: false }`
[INFO] [stderr] Cloning into '/workspace/builds/worker-4-tc2/source'...
[INFO] [stderr] done.
[INFO] validating manifest of git repo https://github.com/barnex/astrosim on toolchain e6e4f7ed1589e03bc2f6c5931c1a72e7947e8682
[INFO] running `Command { std: CARGO_HOME="/workspace/cargo-home" RUSTUP_HOME="/workspace/rustup-home" "/workspace/cargo-home/bin/cargo" "+e6e4f7ed1589e03bc2f6c5931c1a72e7947e8682" "metadata" "--manifest-path" "Cargo.toml" "--no-deps", kill_on_drop: false }`
[INFO] started tweaking git repo https://github.com/barnex/astrosim
[INFO] finished tweaking git repo https://github.com/barnex/astrosim
[INFO] tweaked toml for git repo https://github.com/barnex/astrosim written to /workspace/builds/worker-4-tc2/source/Cargo.toml
[INFO] crate git repo https://github.com/barnex/astrosim already has a lockfile, it will not be regenerated
[INFO] running `Command { std: CARGO_HOME="/workspace/cargo-home" RUSTUP_HOME="/workspace/rustup-home" "/workspace/cargo-home/bin/cargo" "+e6e4f7ed1589e03bc2f6c5931c1a72e7947e8682" "fetch" "--manifest-path" "Cargo.toml", kill_on_drop: false }`
[INFO] running `Command { std: "docker" "create" "-v" "/var/lib/crater-agent-workspace/builds/worker-4-tc2/target:/opt/rustwide/target:rw,Z" "-v" "/var/lib/crater-agent-workspace/builds/worker-4-tc2/source:/opt/rustwide/workdir:ro,Z" "-v" "/var/lib/crater-agent-workspace/cargo-home:/opt/rustwide/cargo-home:ro,Z" "-v" "/var/lib/crater-agent-workspace/rustup-home:/opt/rustwide/rustup-home:ro,Z" "-e" "SOURCE_DIR=/opt/rustwide/workdir" "-e" "CARGO_TARGET_DIR=/opt/rustwide/target" "-e" "CARGO_HOME=/opt/rustwide/cargo-home" "-e" "RUSTUP_HOME=/opt/rustwide/rustup-home" "-w" "/opt/rustwide/workdir" "-m" "1610612736" "--user" "0:0" "--network" "none" "ghcr.io/rust-lang/crates-build-env/linux@sha256:19e73879b68f455e41552ea35293514db52ea292d993f571636dbffedb77a1ee" "/opt/rustwide/cargo-home/bin/cargo" "+e6e4f7ed1589e03bc2f6c5931c1a72e7947e8682" "metadata" "--no-deps" "--format-version=1", kill_on_drop: false }`
[INFO] [stdout] 9a15dcd6a6d44668931e763eb8c51d04734ab149e6d74ec31a2d680132cf18c3
[INFO] running `Command { std: "docker" "start" "-a" "9a15dcd6a6d44668931e763eb8c51d04734ab149e6d74ec31a2d680132cf18c3", kill_on_drop: false }`
[INFO] running `Command { std: "docker" "inspect" "9a15dcd6a6d44668931e763eb8c51d04734ab149e6d74ec31a2d680132cf18c3", kill_on_drop: false }`
[INFO] running `Command { std: "docker" "rm" "-f" "9a15dcd6a6d44668931e763eb8c51d04734ab149e6d74ec31a2d680132cf18c3", kill_on_drop: false }`
[INFO] [stdout] 9a15dcd6a6d44668931e763eb8c51d04734ab149e6d74ec31a2d680132cf18c3
[INFO] running `Command { std: "docker" "create" "-v" "/var/lib/crater-agent-workspace/builds/worker-4-tc2/target:/opt/rustwide/target:rw,Z" "-v" "/var/lib/crater-agent-workspace/builds/worker-4-tc2/source:/opt/rustwide/workdir:ro,Z" "-v" "/var/lib/crater-agent-workspace/cargo-home:/opt/rustwide/cargo-home:ro,Z" "-v" "/var/lib/crater-agent-workspace/rustup-home:/opt/rustwide/rustup-home:ro,Z" "-e" "SOURCE_DIR=/opt/rustwide/workdir" "-e" "CARGO_TARGET_DIR=/opt/rustwide/target" "-e" "CARGO_INCREMENTAL=0" "-e" "RUST_BACKTRACE=full" "-e" "RUSTFLAGS=--cap-lints=forbid" "-e" "RUSTDOCFLAGS=--cap-lints=forbid" "-e" "CARGO_HOME=/opt/rustwide/cargo-home" "-e" "RUSTUP_HOME=/opt/rustwide/rustup-home" "-w" "/opt/rustwide/workdir" "-m" "1610612736" "--user" "0:0" "--network" "none" "ghcr.io/rust-lang/crates-build-env/linux@sha256:19e73879b68f455e41552ea35293514db52ea292d993f571636dbffedb77a1ee" "/opt/rustwide/cargo-home/bin/cargo" "+e6e4f7ed1589e03bc2f6c5931c1a72e7947e8682" "check" "--frozen" "--all" "--all-targets" "--message-format=json", kill_on_drop: false }`
[INFO] [stdout] 7905b16dc6387db067088da6d52f73d1d38dc16d1993d3dd37924700da142ed1
[INFO] running `Command { std: "docker" "start" "-a" "7905b16dc6387db067088da6d52f73d1d38dc16d1993d3dd37924700da142ed1", kill_on_drop: false }`
[INFO] [stderr]    Compiling crossbeam-utils v0.8.1
[INFO] [stderr]    Compiling byteorder v1.3.4
[INFO] [stderr]    Compiling memoffset v0.6.1
[INFO] [stderr]    Compiling const_fn v0.4.4
[INFO] [stderr]    Compiling rayon-core v1.9.0
[INFO] [stderr]    Compiling num-traits v0.2.14
[INFO] [stderr]    Compiling rayon v1.5.0
[INFO] [stderr]    Compiling getrandom v0.2.0
[INFO] [stderr]    Compiling miniz_oxide v0.4.3
[INFO] [stderr]     Checking adler32 v1.2.0
[INFO] [stderr]     Checking either v1.6.1
[INFO] [stderr]    Compiling crc32fast v1.2.1
[INFO] [stderr]    Compiling num-iter v0.1.42
[INFO] [stderr]    Compiling num-rational v0.3.2
[INFO] [stderr]     Checking num_cpus v1.13.0
[INFO] [stderr]     Checking weezl v0.1.3
[INFO] [stderr]     Checking miniz_oxide v0.3.7
[INFO] [stderr]     Checking color_quant v1.1.0
[INFO] [stderr]     Checking scoped_threadpool v0.1.9
[INFO] [stderr]     Checking bytemuck v1.4.1
[INFO] [stderr]     Checking errors v0.1.0 (/opt/rustwide/workdir/errors)
[INFO] [stderr]    Compiling quote v1.0.7
[INFO] [stderr]     Checking gif v0.11.1
[INFO] [stderr]    Compiling syn v1.0.54
[INFO] [stderr]    Compiling proc-macro-error-attr v1.0.4
[INFO] [stderr]    Compiling memchr v2.3.4
[INFO] [stderr]    Compiling serde_derive v1.0.118
[INFO] [stderr]    Compiling proc-macro-error v1.0.4
[INFO] [stderr]    Compiling serde v1.0.118
[INFO] [stderr]    Compiling unicode-segmentation v1.7.1
[INFO] [stderr]     Checking itoa v0.4.6
[INFO] [stderr]     Checking rand_core v0.6.0
[INFO] [stderr]     Checking rand_chacha v0.3.0
[INFO] [stderr]     Checking crossbeam-channel v0.5.0
[INFO] [stderr]     Checking deflate v0.8.6
[INFO] [stderr]     Checking regex-automata v0.1.9
[INFO] [stderr]    Compiling heck v0.3.1
[INFO] [stderr]     Checking rand v0.8.0
[INFO] [stderr]     Checking csv-core v0.1.10
[INFO] [stderr]     Checking crossbeam-epoch v0.9.1
[INFO] [stderr]     Checking num-integer v0.1.44
[INFO] [stderr]     Checking png v0.16.8
[INFO] [stderr]     Checking crossbeam-deque v0.8.0
[INFO] [stderr]     Checking jpeg-decoder v0.1.20
[INFO] [stderr]     Checking tiff v0.6.1
[INFO] [stderr]     Checking image v0.23.12
[INFO] [stderr]    Compiling structopt-derive v0.4.14
[INFO] [stderr]     Checking structopt v0.3.21
[INFO] [stderr]     Checking astrosim_lib v0.1.0 (/opt/rustwide/workdir/astrosim_lib)
[INFO] [stdout] warning: function `dvec2` is never used
[INFO] [stdout]  --> astrosim_lib/src/math/dvec2.rs:8:8
[INFO] [stdout]   |
[INFO] [stdout] 8 | pub fn dvec2(x: f64, y: f64) -> dvec2 {
[INFO] [stdout]   |        ^^^^^
[INFO] [stdout]   |
[INFO] [stdout]   = note: `#[warn(dead_code)]` on by default
[INFO] [stdout] 
[INFO] [stdout] 
[INFO] [stdout] warning: function `fvec2` is never used
[INFO] [stdout]  --> astrosim_lib/src/math/fvec2.rs:8:8
[INFO] [stdout]   |
[INFO] [stdout] 8 | pub fn fvec2(x: f32, y: f32) -> fvec2 {
[INFO] [stdout]   |        ^^^^^
[INFO] [stdout] 
[INFO] [stdout] 
[INFO] [stdout] warning: 2 warnings emitted
[INFO] [stdout] 
[INFO] [stdout] 
[INFO] [stdout] warning: function `dvec2` is never used
[INFO] [stdout]  --> astrosim_lib/src/math/dvec2.rs:8:8
[INFO] [stdout]   |
[INFO] [stdout] 8 | pub fn dvec2(x: f64, y: f64) -> dvec2 {
[INFO] [stdout]   |        ^^^^^
[INFO] [stdout]   |
[INFO] [stdout]   = note: `#[warn(dead_code)]` on by default
[INFO] [stdout] 
[INFO] [stdout] 
[INFO] [stdout] warning: function `fvec2` is never used
[INFO] [stdout]  --> astrosim_lib/src/math/fvec2.rs:8:8
[INFO] [stdout]   |
[INFO] [stdout] 8 | pub fn fvec2(x: f32, y: f32) -> fvec2 {
[INFO] [stdout]   |        ^^^^^
[INFO] [stdout] 
[INFO] [stdout] 
[INFO] [stdout] warning: 2 warnings emitted
[INFO] [stdout] 
[INFO] [stdout] 
[INFO] [stdout] warning: function `decay` is never used
[INFO] [stdout]   --> astrosim_lib/src/bin/kirkwood_gaps.rs:67:4
[INFO] [stdout]    |
[INFO] [stdout] 67 | fn decay(img: &mut Image<f32>) {
[INFO] [stdout]    |    ^^^^^
[INFO] [stdout]    |
[INFO] [stdout]    = note: `#[warn(dead_code)]` on by default
[INFO] [stdout] 
[INFO] [stdout] 
[INFO] [stdout] warning: function `decay` is never used
[INFO] [stdout]   --> astrosim_lib/src/bin/kirkwood_gaps.rs:67:4
[INFO] [stdout]    |
[INFO] [stdout] 67 | fn decay(img: &mut Image<f32>) {
[INFO] [stdout]    |    ^^^^^
[INFO] [stdout]    |
[INFO] [stdout]    = note: `#[warn(dead_code)]` on by default
[INFO] [stdout] 
[INFO] [stdout] 
[INFO] [stdout] warning: function `decay` is never used
[INFO] [stdout]   --> astrosim_lib/src/bin/planetary_migration.rs:43:4
[INFO] [stdout]    |
[INFO] [stdout] 43 | fn decay(img: &mut Image<f32>) {
[INFO] [stdout]    |    ^^^^^
[INFO] [stdout]    |
[INFO] [stdout]    = note: `#[warn(dead_code)]` on by default
[INFO] [stdout] 
[INFO] [stdout] 
[INFO] [stdout] warning: 1 warning emitted
[INFO] [stdout] 
[INFO] [stdout] 
[INFO] [stdout] warning: 1 warning emitted
[INFO] [stdout] 
[INFO] [stdout] 
[INFO] [stdout] warning: 1 warning emitted
[INFO] [stdout] 
[INFO] [stdout] 
[INFO] [stdout] warning: function `decay` is never used
[INFO] [stdout]   --> astrosim_lib/src/bin/planetary_migration.rs:43:4
[INFO] [stdout]    |
[INFO] [stdout] 43 | fn decay(img: &mut Image<f32>) {
[INFO] [stdout]    |    ^^^^^
[INFO] [stdout]    |
[INFO] [stdout]    = note: `#[warn(dead_code)]` on by default
[INFO] [stdout] 
[INFO] [stdout] 
[INFO] [stdout] warning: 1 warning emitted
[INFO] [stdout] 
[INFO] [stdout] 
[INFO] [stderr]     Checking bstr v0.2.14
[INFO] [stderr]     Checking csv v1.1.5
[INFO] [stderr]     Checking astrosim_cli v0.1.0 (/opt/rustwide/workdir/astrosim_cli)
[INFO] [stdout] error[E0599]: no function or associated item named `boxed` found for struct `astrosim_lib::prelude::BruteForce` in the current scope
[INFO] [stdout]    --> astrosim_cli/src/main.rs:102:52
[INFO] [stdout]     |
[INFO] [stdout] 102 |     let mut sim = Stepper::new(particles, BruteForce::boxed());
[INFO] [stdout]     |                                                       ^^^^^ function or associated item not found in `BruteForce`
[INFO] [stdout] 
[INFO] [stdout] 
[INFO] [stdout] error[E0599]: no function or associated item named `boxed` found for struct `astrosim_lib::prelude::BruteForce` in the current scope
[INFO] [stdout]    --> astrosim_cli/src/main.rs:102:52
[INFO] [stdout]     |
[INFO] [stdout] 102 |     let mut sim = Stepper::new(particles, BruteForce::boxed());
[INFO] [stdout]     |                                                       ^^^^^ function or associated item not found in `BruteForce`
[INFO] [stdout] 
[INFO] [stdout] 
[INFO] [stdout] error[E0433]: failed to resolve: use of undeclared type `Outputs`
[INFO] [stdout]    --> astrosim_cli/src/main.rs:108:20
[INFO] [stdout]     |
[INFO] [stdout] 108 |     let mut outputs = Outputs::new(output_dir)? //
[INFO] [stdout]     |                       ^^^^^^^ use of undeclared type `Outputs`
[INFO] [stdout] 
[INFO] [stdout] 
[INFO] [stdout] error[E0433]: failed to resolve: use of undeclared type `Outputs`
[INFO] [stdout]    --> astrosim_cli/src/main.rs:108:20
[INFO] [stdout]     |
[INFO] [stdout] 108 |     let mut outputs = Outputs::new(output_dir)? //
[INFO] [stdout]     |                       ^^^^^^^ use of undeclared type `Outputs`
[INFO] [stdout] 
[INFO] [stdout] 
[INFO] [stdout] error: aborting due to 2 previous errors
[INFO] [stdout] 
[INFO] [stdout] 
[INFO] [stdout] error: aborting due to 2 previous errors
[INFO] [stdout] 
[INFO] [stdout] 
[INFO] [stdout] Some errors have detailed explanations: E0433, E0599.
[INFO] [stdout] 
[INFO] [stdout] Some errors have detailed explanations: E0433, E0599.
[INFO] [stdout] 
[INFO] [stdout] For more information about an error, try `rustc --explain E0433`.
[INFO] [stdout] 
[INFO] [stdout] For more information about an error, try `rustc --explain E0433`.
[INFO] [stdout] 
[INFO] [stderr] error: could not compile `astrosim_cli` (bin "astrosim_cli") due to 3 previous errors
[INFO] [stderr] warning: build failed, waiting for other jobs to finish...
[INFO] [stderr] error: could not compile `astrosim_cli` (bin "astrosim_cli" test) due to 3 previous errors
[INFO] running `Command { std: "docker" "inspect" "7905b16dc6387db067088da6d52f73d1d38dc16d1993d3dd37924700da142ed1", kill_on_drop: false }`
[INFO] running `Command { std: "docker" "rm" "-f" "7905b16dc6387db067088da6d52f73d1d38dc16d1993d3dd37924700da142ed1", kill_on_drop: false }`
[INFO] [stdout] 7905b16dc6387db067088da6d52f73d1d38dc16d1993d3dd37924700da142ed1
